 Let s be r(-3). What is the remainder when 145 is divided by g(s)?
9
Suppose 101 - 107 = -o, -4*k - 3*o + 626 = 0. What is the remainder when k is divided by 64?
24
Let h(w) = -3*w + 3. Let i be h(-2). Suppose -36 = -4*d - x, -2*d - 2*x = -d - i. Suppose -9 - d = -2*o. What is the remainder when 32 is divided by o?
5
Suppose 0 = 3*p + 172 - 46. Suppose -1 = 4*n - 9. What is the remainder when (p/(-4) - 4)*n is divided by 2?
1
Suppose 3*z = 2*z + 24. Let s(u) = 7*u - 6*u**2 + 35*u**3 + 5 - 3*u**2 - 34*u**3. Calculate the remainder when s(9) is divided by z.
20
Let z = -3715 - -3738. Let o = 37 + -22. Calculate the remainder when z is divided by o.
8
Suppose 10*t = -7*t + 306. Suppose -16*v + t*v - 18 = 0. What is the remainder when 15 is divided by v?
6
Let n(p) = -10*p + 14. Let k be n(-4). Suppose 7*f = -3*l + 2*f + k, 64 = 4*l + 4*f. Calculate the remainder when 29 is divided by l.
3
Suppose 5*v - 825 = 5*j, 10 = 5*j - 15. What is the remainder when 357 is divided by v?
17
Let t be (-60)/4*(-4 + 5). Let c = t + 23. Suppose c*n - 144 = 528. What is the remainder when n is divided by 17?
16
Suppose -134 = -34*x + 342. Suppose x*u = 2*u + 300. Calculate the remainder when 523 is divided by u.
23
Let c(j) = -4*j**2 - 10*j + 4. Let f(n) = n**2 + n. Let q(o) = c(o) + 5*f(o). Let v = 2868 + -2838. What is the remainder when v is divided by q(5)?
2
Let z(s) = 5*s + 86. Suppose 0 = 3*a - 36 + 78. Calculate the remainder when 23 is divided by z(a).
7
Suppose -3*x = -9 - 12. Suppose -f + x = -0*f. Suppose 5*t - 83 = 42. What is the remainder when t is divided by f?
4
Let q(s) = 2*s**3 - 16*s**2 - 42*s + 548. Calculate the remainder when q(14) is divided by 289.
0
Let y = 18636 - 18556. Calculate the remainder when 276 is divided by y.
36
Let z(v) = 3*v**3 - 10*v**2 - 26*v + 45. Calculate the remainder when 2 - 152/(-2*1) is divided by z(5).
38
Let q = -117 - -131. Let j(y) = 5*y**3 - 2*y**2 + y - 3. What is the remainder when j(3) is divided by (-12)/q*(24 + -52)?
21
Let j(k) = 81*k + 80. Let z(f) = -f**2 - 13*f - 36. Let v be z(-8). Calculate the remainder when j(v) is divided by 29.
27
Suppose 128*k + 1975 = 9925 + 11762. Calculate the remainder when 393 is divided by k.
85
Let i(f) = -f**2 + 12. Let p(s) = -46*s - 10. Let y be 15/(-6) + (-1)/(-2). Calculate the remainder when p(y) is divided by i(0).
10
Suppose 5*g = r - 2*r + 518, -3*g = r - 510. Calculate the remainder when r is divided by 171.
156
Let j = -67686 + 67783. Let t = 91 - 58. What is the remainder when j is divided by t?
31
Let k = -237 + 161. Let i = k + 81. Suppose -u + 4*u + 137 = 5*g, -5 = -i*u. Calculate the remainder when g is divided by 8.
4
Suppose -2*x + 25 = 9. Let s be 24/(-9)*(-15)/(-40)*4. What is the remainder when (-16)/s - (-27 - -8) is divided by x?
7
Let k be ((-892)/16)/(3/(-24)). Suppose 5*w - k = 39. Let a = 21 + -11. What is the remainder when w is divided by a?
7
Suppose 4*z - 1051*l = -1054*l + 107, 4*z - 3*l - 101 = 0. Let k(r) = r**3 - 3*r**2 + 4*r + 2. Calculate the remainder when k(4) is divided by z.
8
Let u = -116 - -35. Suppose -3*h = -11 - 31. What is the remainder when -14*(1 - u/(-21)) is divided by h?
12
Let g be 51*(-8)/(-40)*10*1. Suppose g = -9*a + 11*a. Let f = -15 - -21. Calculate the remainder when a is divided by f.
3
Suppose 102917 + 1693785 = 26*t + 56*t. What is the remainder when t is divided by 83?
82
Suppose 5*r + 200 = -f, 3*r + 2*f = 3*f - 120. Let g be r/70 + 11/7 + -19. Calculate the remainder when 3 + ((-564)/g - (-2)/(-6)) is divided by 13.
8
Let r(d) = d**3 - 5*d**2 + 5*d + 3. Let q be r(4). Let t(l) = -5 + 14*l - q*l + 6*l**2 + 11. Calculate the remainder when t(-4) is divided by 39.
35
Let f = 22 + -8. Let h = f - -13. What is the remainder when 75 is divided by 1/((h/(-78))/(-9))?
23
Suppose 0 = 3*l - 0 - 18. Suppose -45*r + 42*r = 723. Let v = -231 - r. Calculate the remainder when v is divided by l.
4
What is the remainder when 172 is divided by ((-51)/(-5) - 1) + -10 + 184/5?
28
Let p(s) = -11*s - 7. Let r be p(-2). Let n(k) = 4*k - 52. Calculate the remainder when 124 is divided by n(r).
4
Let g be ((-6)/30)/(2/(-5))*0. Suppose 14*k - 860 + 244 = g. Calculate the remainder when k is divided by 2/9 - (-2756)/234.
8
Let f = -281 - -358. Suppose -2*m = -2*q - 42, 3*m + 2*q - 62 = 21. Let y = m + -5. Calculate the remainder when f is divided by y.
17
Suppose -12*r - 60 = -9*r. Let v(y) = y + 31. Suppose 0 = -3*m - 4*w + 145, -98 = -4*m + 2*m - 3*w. What is the remainder when m is divided by v(r)?
10
What is the remainder when 177 is divided by 966/26 + 209/247 + -1?
29
Let c(i) = 2*i**2 - 4*i - 4. Let d be c(4). Calculate the remainder when (117/(-54) + 24/16)/(6/(-180)) is divided by (d/10)/((-1)/(-5)).
2
Suppose 3*j - 4*l - 2 = 0, -7*j - 1 = -9*j + 3*l. Suppose j*p + 10 - 40 = -w, w - 36 = p. Calculate the remainder when w is divided by 11.
1
Suppose -352*n = -370*n. Let c(g) be the second derivative of g**4/4 - g**3/6 + 9*g**2/2 - g. What is the remainder when 43 is divided by c(n)?
7
Let u be 23336/20 + -1 - (-1)/5. Let y = -1140 + u. Let h = 8 - -40. Calculate the remainder when h is divided by y.
22
Calculate the remainder when 619 - (-1)/(1 + 10/(-9)) is divided by 34.
32
Suppose -2332 - 333 = -205*c. Calculate the remainder when 2313 is divided by c.
12
Let w(m) = m**2 + 15*m - 7. Calculate the remainder when w(13) is divided by 90.
87
Let h be (-3)/9 - (-124)/12. Let s(b) be the first derivative of 2*b**3/3 - 4*b**2 + 5*b - 47. Calculate the remainder when s(h) is divided by 16.
13
Let n(z) = -20*z + 692. Calculate the remainder when n(26) is divided by 7.
4
Suppose -9*q + 13*q - 403 = 3*v, v + 401 = 4*q. Let p = 178 - q. Suppose 238 = 5*f + p. Calculate the remainder when f is divided by 9.
5
Let t = 791 + -523. Let q = -245 + t. Calculate the remainder when q is divided by 3 - 0 - (-2 + 2).
2
Suppose -6 = -t + 23. Let c = -85 - -82. What is the remainder when t is divided by -16*1*(0 + -4 - c)?
13
Suppose -268*h + 536*h - 266*h = 9684. What is the remainder when h is divided by 194?
186
Let z = 314 + -283. Let a(s) = s**3 - s**2 + s + 12. Let d be a(0). Calculate the remainder when z is divided by 194/22 + d/66.
4
Let f = 223 + -106. Let k(r) = -r**3 - 15*r**2 + 5*r - 19. Let b be k(-15). Let y = f + b. What is the remainder when 43 is divided by y?
20
Let r(h) = -8*h**2 - 144*h - 234. What is the remainder when -1 - (-5)/((-5)/(-66)) is divided by r(-16)?
21
Let t(c) = 38*c**3 - 6*c**2 + 9*c - 4. What is the remainder when 217 is divided by t(1)?
32
Suppose -5*y + 94 = -101. Let w(v) = v - 107*v**2 + 112*v**2 + 3 + 0*v. Calculate the remainder when y is divided by w(-2).
18
Let o = -136 + 133. Calculate the remainder when 241 is divided by (-2 - o)/((-134)/(-44) - 3).
21
Let u(w) = -8*w - 37. Let r be (-5*(-13)/(-195))/((-1)/(-27)). What is the remainder when 114 is divided by u(r)?
9
Let d be (-211 + 1)*(-36)/90. Suppose 0 = -9*o - 3*o + d. Calculate the remainder when 13 is divided by o.
6
Let f = -1334 + 1880. Let a = 768 - f. What is the remainder when a is divided by 45?
42
Suppose d - r = 512, r = 10*d - 11*d + 516. What is the remainder when d is divided by 264?
250
Let n(v) = 11*v**2 + v + 1. Let j = 52505 - 52332. What is the remainder when j is divided by n(-1)?
8
Let u be (-4)/(-7) + 369/(-21). Let s(g) be the third derivative of g**4/24 + 28*g**3/3 + 10*g**2. Calculate the remainder when 152 is divided by s(u).
35
Let d(k) = 490*k - 1310. Let c = 33 + -8. Calculate the remainder when d(3) is divided by c.
10
Suppose 0 = 5*l + 4*f - 1995 - 1349, -4*l + f = -2671. What is the remainder when l is divided by 63?
38
Suppose -68*a + 7632 = 91*a. What is the remainder when 863 is divided by a?
47
Suppose -2*m + k + 89 = 0, -5*m + 87 = -2*k - 136. Suppose -46*u + m*u = -8. Calculate the remainder when 107 is divided by 54/u*(2 + 2).
26
Suppose -1372 + 376 = -4*z. What is the remainder when z is divided by 15?
9
Calculate the remainder when -26 + (3 - -34) + (268 - 0) is divided by 72.
63
Let b(r) = -14*r + 4. Let s be b(-2). Suppose d - s = -5*c, 4*d - 78 = d + 3*c. What is the remainder when 429 is divided by d?
24
Let g(v) = -v - 32. Let m(l) = -5*l - 160. Let z(k) = -33*g(k) + 6*m(k). What is the remain